lse
Is 10574287 prime?
True
Is 5124137 a composite number?
True
Is 4679722 composite?
True
Is 198221 prime?
True
Is 7807 prime?
False
Is 269245453 composite?
False
Is 1592299 a composite number?
True
Is 13010541 prime?
False
Is 13255523 composite?
True
Is 5000603 composite?
True
Is 12917249 composite?
False
Is 43325501 a prime number?
False
Is 34839221 prime?
True
Is 36602015 composite?
True
Is 3414497 a prime number?
False
Is 1234453 prime?
False
Is 8130314 composite?
True
Is 53130815 prime?
False
Is 4968469 composite?
True
Is 45281443 composite?
True
Is 2317439 composite?
False
Is 452671 a prime number?
True
Is 2663863 a composite number?
True
Is 45341701 composite?
False
Is 1927813 a prime number?
True
Is 12110738 a prime number?
False
Is 25887461 composite?
False
Is 16017473 prime?
False
Is 6220738 a prime number?
False
Is 1651981 composite?
False
Is 7750709 a prime number?
True
Is 1537117 a prime number?
False
Is 1518623 prime?
True
Is 125101213 a composite number?
True
Is 296119 prime?
False
Is 16451387 prime?
True
Is 42918913 a composite number?
False
Is 1699563 prime?
False
Is 50251547 a composite number?
False
Is 5507417 prime?
True
Is 37515169 a composite number?
True
Is 2121841 composite?
False
Is 39882074 a composite number?
True
Is 15517279 prime?
False
Is 2309074 a composite number?
True
Is 477379547 a prime number?
True
Is 13064999 composite?
True
Is 2771191 composite?
False
Is 86611479 composite?
True
Is 11038603 prime?
True
Is 64316429 composite?
False
Is 29510599 a composite number?
True
Is 3724967 composite?
False
Is 509359 a prime number?
True
Is 179791 a composite number?
True
Is 3904231 composite?
True
Is 71818097 a prime number?
False
Is 7383449 composite?
False
Is 867277 a composite number?
True
Is 72319 a prime number?
False
Is 42133687 a composite number?
True
Is 527454283 composite?
False
Is 30342743 composite?
False
Is 1338557 a composite number?
True
Is 121602157 a prime number?
False
Is 2097587 prime?
False
Is 3369917 prime?
False
Is 2748281 a composite number?
False
Is 74584871 prime?
True
Is 2089837 composite?
True
Is 3673213 prime?
False
Is 290314537 composite?
False
Is 10702637 a prime number?
False
Is 533459 composite?
False
Is 34499279 a composite number?
False
Is 4671451 prime?
False
Is 22912469 a prime number?
True
Is 18265921 a composite number?
True
Is 13916057 composite?
True
Is 283557241 a prime number?
False
Is 422996179 prime?
True
Is 36321151 composite?
False
Is 1121259 composite?
True
Is 28622345 prime?
False
Is 116469869 prime?
True
Is 16196603 a prime number?
True
Is 23310241 a prime number?
True
Is 4724465 composite?
True
Is 2352553 composite?
True
Is 274536497 a composite number?
False
Is 14109563 a composite number?
True
Is 50354641 a composite number?
False
Is 25266797 composite?
True
Is 4616591 a composite number?
True
Is 8489839 prime?
True
Is 138640753 a composite number?
False
Is 1141087 composite?
False
Is 16383329 composite?
False
Is 4078471 composite?
True
Is 345341 composite?
True
Is 167 prime?
True
Is 344261201 a composite number?
False
Is 152815591 a prime number?
False
Is 4519874 a prime number?
False
Is 240947 a prime number?
False
Is 2557231 prime?
True
Is 6769733 prime?
True
Is 180184213 composite?
True
Is 6501487 a prime number?
True
Is 403401535 a prime number?
False
Is 1132649 a composite number?
True
Is 552099727 prime?
False
Is 116902871 a composite number?
False
Is 1497337 a prime number?
True
Is 4840469 a prime number?
False
Is 138890369 composite?
True
Is 59484701 a composite number?
False
Is 199911697 a prime number?
True
Is 191356679 composite?
True
Is 10716877 prime?
False
Is 98681169 a prime number?
False
Is 20700451 a composite number?
False
Is 21045191 composite?
True
Is 1049177 a composite number?
False
Is 8823949 a prime number?
True
Is 14205937 a prime number?
True
Is 6836003 a composite number?
False
Is 50083339 a composite number?
True
Is 12289829 composite?
True
Is 869876773 prime?
False
Is 535768834 a composite number?
True
Is 82096087 a prime number?
True
Is 2020013 a prime number?
False
Is 10179833 a composite number?
False
Is 1450013 a composite number?
True
Is 447779578 a prime number?
False
Is 18973211 prime?
False
Is 1251287 prime?
True
Is 143345 prime?
False
Is 301244201 composite?
False
Is 154729 prime?
False
Is 3501961 a composite number?
False
Is 432808637 composite?
True
Is 7536121 a prime number?
False
Is 15336502 a prime number?
False
Is 56555593 a prime number?
True
Is 322607017 a composite number?
False
Is 63339109 a composite number?
False
Is 3218921 a composite number?
True
Is 568967 a prime number?
False
Is 5670779 composite?
False
Is 3671581 composite?
True
Is 2287003 prime?
False
Is 46287833 a composite number?
False
Is 18595087 prime?
False
Is 33062129 a composite number?
False
Is 226243 a prime number?
False
Is 9006749 a composite number?
False
Is 21680891 prime?
False
Is 12944887 a prime number?
False
Is 91391203 a composite number?
False
Is 3960713 a composite number?
True
Is 995753 prime?
False
Is 38944057 prime?
False
Is 383011 composite?
False
Is 4856963 prime?
True
Is 260731 composite?
True
Is 215823 a prime number?
False
Is 797179 a composite number?
True
Is 19049923 composite?
False
Is 89358973 composite?
True
Is 77209549 composite?
True
Is 332672885 composite?
True
Is 6845737 a prime number?
False
Is 315179 a prime number?
True
Is 3911339 a composite number?
False
Is 242619917 a composite number?
False
Is 1227037 composite?
True
Is 2908567 composite?
False
Is 7696307 prime?
False
Is 7146463 prime?
True
Is 1374883 prime?
False
Is 18269947 a composite number?
False
Is 88429 a prime number?
False
Is 2185277 prime?
False
Is 2228443 prime?
False
Is 11852803 a prime number?
True
Is 811753 composite?
False
Is 31232867 composite?
False
Is 1048189 prime?
True
Is 21152869 a composite number?
False
Is 1186307819 a prime number?
True
Is 3504421 a composite number?
True
Is 10731449 prime?
False
Is 5772953 a prime number?
True
Is 83405099 a prime number?
True
Is 2716451 a prime number?
True
Is 85776799 a composite number?
True
Is 9647427 composite?
True
Is 2061503 composite?
False
Is 9478487 a prime number?
True
Is 4227943 a prime number?
False
Is 2028091 a prime number?
False
Is 11585129 a prime number?
True
Is 248325499 composite?
False
Is 6667589 a prime number?
True
Is 20219141 prime?
True
Is 734687 prime?
True
Is 4671613 composite?
False
Is 69873331 composite?
True
Is 10163593 a prime number?
False
Is 88491583 prime?
False
Is 32234597 composite?
False
Is 7296317 composite?
True
Is 21629281 composite?
False
Is 1312946519 composite?
False
Is 246337163 prime?
False
Is 120059 composite?
True
Is 21275369 a prime number?
True
Is 25987099 a composite number?
True
Is 7792669 composite?
False
Is 35183441 a prime number?
True
Is 60575665 composite?
True
Is 6191006 a prime number?
False
Is 19176897 prime?
False
Is 3095609 composite?
True
Is 18789203 composite?
False
Is 344023 prime?
False
Is 33649783 prime?
False
Is 103574237 a prime number?
False
Is 16828881 a prime number?
False
Is 1957243 prime?
True
Is 15984611 composite?
False
Is 1895133 a composite number?
True
Is 10803659 a prime number?
True
Is 6392311 a composite number?
False
Is 230521 composite?
True
Is 218279 composite?
False
Is 8579539 a composite number?
True
Is 1951003 a composite number?
False
Is 3160601 prime?
True
Is 6996419 prime?
True
Is 829581 composite?
True
Is 24127 prime?
False
Is 1132361 prime?
False
Is 14066861 prime?
True
Is 3001799 prime?
False
Is 5517227 a prime number?
True
Is 7842199 prime?
True
Is 424662965 prime?
False
Is 102646423 a prime number?
False
Is 11750663 composite?
False
Is 17771833 prime?
True
Is 23951893 prime?
False
Is 7472849 prime?
True
Is 179161 prime?
True
Is 295739 a composite number?
True
Is 113626 a prime number?
False
Is 94011971 a composite number?
True
Is 56438461 prime?
True
Is 2604011 composite?
False
Is 2119057 a prime number?
True
Is 760607 a prime number?
True
Is 1520611 a prime number?
True
Is 426997463 composite?
False
Is 3809077 a composite number?
False
Is 2197886491 composite?
False
Is 5598883 prime?
True
Is 10760657 prime?
False
Is 9488579 a composite number?
False
Is 171494733 a composite number?
True
Is 95798491 a prime num